
480492
In base 10, what is -826306 - 1?
-826307
In base 5, what is 3 + 4331113?
4331121
In base 16, what is -48c3 + 0?
-48c3
In base 6, what is -345140 - -5?
-345131
In base 16, what is -20a24 + -5?
-20a29
In base 11, what is -42083 + -26?
-420a9
In base 8, what is 4641276 + -3?
4641273
In base 9, what is -137 + -3704?
-3842
In base 5, what is -22002 - 2142?
-24144
In base 6, what is -1105 + 340?
-325
In base 12, what is 2382 + 7?
2389
In base 10, what is 38 - 505?
-467
In base 15, what is -11a5 - 7?
-11ac
In base 7, what is -33111 - -16?
-33062
In base 12, what is -2b28 + -10?
-2b38
In base 15, what is 6128e - -b?
6129a
In base 3, what is -2221101001 - 2111?
-2221110112
In base 7, what is 2 + -23252?
-23250
In base 11, what is -138 - 277?
-404
In base 5, what is 3 + 10141133?
10141141
In base 3, what is -20 + -100211220?
-100212010
In base 12, what is 2 - 49802?
-49800
In base 14, what is 3290 - a?
3284
In base 4, what is -1033 + 21320?
20221
In base 9, what is -3267 + -18?
-3286
In base 8, what is 4 + 121607?
121613
In base 12, what is 1049 - 470?
799
In base 15, what is 3 - -1021?
1024
In base 3, what is -10110010 + -2110?
-10112120
In base 13, what is 3970b8 - -4?
3970bc
In base 6, what is -13354325 - 2?
-13354331
In base 16, what is 5 - 5580?
-557b
In base 5, what is -310100 + -3?
-310103
In base 9, what is -72864 - 5?
-72870
In base 3, what is 110100200 - 121?
110100002
In base 16, what is -64 - 165?
-1c9
In base 15, what is -3 - 81dd?
-81e1
In base 9, what is 4 + -6220?
-6215
In base 4, what is 1232333 - -33?
1233032
In base 15, what is 3 - deb?
-de8
In base 3, what is -122122212 + 2011?
-122120201
In base 14, what is 35326 - -16?
3533c
In base 6, what is -1 - -11452?
11451
In base 8, what is -5 + 11455?
11450
In base 12, what is 1 - -5a81b?
5a820
In base 2, what is 1101100011101010010100 - 1?
1101100011101010010011
In base 6, what is -111 + -135212?
-135323
In base 2, what is -11100110011101 - -110?
-11100110010111
In base 10, what is -3579785 + -4?
-3579789
In base 4, what is -10 - -2113230?
2113220
In base 14, what is 333a54 - -1?
333a55
In base 6, what is 212152 - 424?
211324
In base 12, what is -385a7 + -2?
-385a9
In base 11, what is -24542 - -4?
-24539
In base 9, what is 104528 + 2?
104531
In base 5, what is -1323 + -31233?
-33111
In base 11, what is -3197 - -21?
-3176
In base 6, what is 100 - 25353?
-25253
In base 9, what is 22 + 30545?
30567
In base 10, what is 6141 - -241?
6382
In base 5, what is 4 + -14221212?
-14221203
In base 9, what is 10 + -87171?
-87161
In base 3, what is 11122001011101 + -2?
11122001011022
In base 5, what is 312120411 - 3?
312120403
In base 9, what is -41 + 317?
266
In base 12, what is -172 + -22?
-194
In base 11, what is -39 - -18791?
18753
In base 12, what is 267 - 10?
257
In base 6, what is 2 + -10305022?
-10305020
In base 12, what is 157 + -289?
-132
In base 15, what is 0 + -6d4c?
-6d4c
In base 3, what is -11 - 100200001222?
-100200002010
In base 10, what is 13212 - -9?
13221
In base 16, what is -88 - 5e?
-e6
In base 5, what is -3041 + 413?
-2123
In base 3, what is 20220 + -11020210?
-10222220
In base 15, what is -52e9 - -7?
-52e2
In base 9, what is 170176 - -8?
170185
In base 7, what is -12631 + 0?
-12631
In base 11, what is 1047a8 - 5?
1047a3
In base 5, what is 210 + -103021?
-102311
In base 7, what is -1 - 60663?
-60664
In base 2, what is -1000111 + 1001111001000?
1001110000001
In base 7, what is 6 - -353305?
353314
In base 9, what is 122 - -7207?
7330
In base 10, what is 486 + 122?
608
In base 8, what is 1341 + 16?
1357
In base 3, what is -102122010 - 222?
-102200002
In base 7, what is 303624 - -14?
303641
In base 16, what is -7d4 + -19?
-7ed
In base 10, what is 17398 - 86?
17312
In base 6, what is 122555 - 33?
122522
In base 14, what is -33 + 609a?
6067
In base 11, what is -2123a4a + 5?
-2123a45
In base 9, what is -31012 - 4?
-31016
In base 9, what is -17101 + 57?
-17033
In base 6, what is -15455 + -2250?
-22145
In base 3, what is -2110112 - -10020?
-2100022
In base 2, what is 1101111000000 - -11011?
1101111011011
In base 14, what is c + 1504?
1512
In base 7, what is -102334 + 5?
-102326
In base 7, what is 4612361 + -10?
4612351
In base 2, what is -1001011010 + 100001110?
-101001100
In base 10, what is 17 + 2479?
2496
In base 13, what is 3 + 37c82b?
37c831
In base 2, what is 110111100100100000 + -100?
110111100100011100
In base 8, what is -670 - -1417?
527
In base 11, what is -604 - -866?
262
In base 16, what is aa1 + -48?
a59
In base 3, what is 0 - -11110010110?
11110010110
In base 3, what is 10021 + -211110?
-201012
In base 6, what is 50300 - 1200?
45100
In base 8, what is 21046 - 62?
20764
In base 10, what is 1 + -16109?
-16108
In base 16, what is -506e + -1?
-506f
In base 14, what is -4 - 18b?
-191
In base 11, what is 628137 - -1?
628138
In base 6, what is 11440 - -345?
12225
In base 7, what is 130 - 1134?
-1004
In base 7, what is -4 + 5326?
5322
In base 15, what is 7585 + 2?
7587
In base 8, what is -63 + 2421?
2336
In base 2, what is -101 - 11101100000010001110?
-11101100000010010011
In base 10, what is -139 + -6694?
-6833
In base 3, what is -121 - 220020?
-220211
In base 16, what is 56 + 7f7?
84d
In base 14, what is 1bc1 - 15?
1baa
In base 14, what is 25d8 + 2?
25da
In base 6, what is 1 - -32454?
32455
In base 7, what is -1046 + 1205?
126
In base 12, what is 5a - -10b96?
11034
In base 13, what is -a1258a - 1?
-a1258b
In base 3, what is 101102101200 - -202?
101102102102
In base 8, what is -35654135 + -1?
-35654136
In base 12, what is 167 - -628?
793
In base 13, what is 0 + 2575c?
2575c
In base 9, what is -38147 - 0?
-38147
In base 15, what is -2976 - 2?
-2978
In base 13, what is -2016 + 152?
-1b94
In base 2, what is 11 - 11000110001010110101?
-11000110001010110010
In base 15, what is 9 + -3b655?
-3b64b
In base 8, what is 10641640 - -3?
10641643
In base 15, what is -916 - -c?
-909
In base 5, what is -133 - 14401?
-20034
In base 11, what is -4 + 5202?
51a9
In base 6, what is 51341 - -2?
51343
In base 2, what is -10010100010 + -1110111?
-10100011001
In base 14, what is 31 + -ac?
-7b
In base 15, what is 1a6e + 2?
1a71
In base 5, what is 304 + -1244330?
-1244021
In base 9, what is -7 + -862?
-870
In base 12, what is -60a53 - 6?
-60a59
In base 5, what is -113143 - 12?
-113210
In base 16, what is 9 + -fb3a?
-fb31
In base 2, what is -1 + -111111110110110?
-111111110110111
In base 3, what is -1002100120022 - 1?
-1002100120100
In base 13, what is -4831 - 5?
-4836
In base 11, what is 1 - 107a4?
-107a3
In base 3, what is -10222102021 + -2?
-10222102100
In base 8, what is 3045 + -175?
2650
In base 16, what is -4369 - 0?
-4369
In base 11, what is 12a0 + 322?
1612
In base 9, what is 21420 + -107?
21312
In base 4, what is -22013 + -2033231?
-2121310
In base 12, what is -5888 + 5?
-5883
In base 3, what is 1211101210 + 11?
1211101221
In base 13, what is 1a56 + -27?
1a2c
In base 4, what is 103 - 2220202?
-2220033
In base 2, what is 1001 + -110001000011?
-110000111010
In base 8, what is 3 - -670747?
670752
In base 13, what is -b8 - -69?
-4c
In base 5, what is -141010 - -2332?
-133123
In base 2, what is 1001011010 + 100000001?
1101011011
In base 9, what is 1 - 106306?
-106305
In base 3, what is 11001 - 111110?
-100102
In base 3, what is 1100001001 - 1?
1100001000
In base 14, what is -2c52 - -41a?
-2836
In base 15, what is -415 - 24?
-439
In base 13, what is -2385 + 310?
-2075
In base 15, what is 6 + -bbc?
-bb6
In base 15, what is -20 + bde?
bbe
In base 10, what is -803 + 135?
-668
In base 9, what is 5 - -4716?
4722
In base 2, what is -1010100011 - -1?
-1010100010
In base 15, what is -13a731 + 1?
-13a730
In base 9, what is 20 + -210245?
-210225
In base 16, what is -3 - 20c1a?
-20c1d
In base 15, what is -2d5 + 55?
-280
In base 15, what is 2 + -2384?
-2382
In base 15, what is -2 + 73e?
73c
In base 4, what is 3 + -112030303?
-112030300
In base 16, what is 3 + -405c?
-4059
In base 4, what is -1033333201 + 0?
-1033333201
In base 9, what is -4 - 135607?
-135612
In base 5, what is -3 - -3233?
3230
In base 15, what is 2 - 1957?
-1955
In base 10, what is -16 - 24575?
-24591
In base 11, what is -19a - -95?
-105
In base 14, what is -181 - 564?
-705
In base 13, what is 763 + -52?
711
In base 6, what is 152535 - 25?
15